 -1/6*n**3 - 7/2*n**2 - 1/12*n**4 - j*n + 0. Give l(0).
-7
Let q = -5 + 9. Suppose 5*t + c - 1 = 0, q*c + 12 = -5*t + t. Let z(k) be the third derivative of -k**6/24 + k**4/24 + k**2. Determine z(t).
-4
Let w(o) = 2*o + 12. Let s be (-41)/5 - (6 - (-186)/(-30)). Give w(s).
-4
Let z(m) = 2*m**2 - 43*m + 41*m + 0 + 3 - 3*m**2. Suppose l = -0*l + 2. What is z(l)?
-5
Let z be 11 + -4 + 1 + 0. Let l(n) = -n + 6. Let k be l(z). Let g(a) = 2. Let d(w) = -w + 5. Let j(c) = 2*d(c) - 5*g(c). Determine j(k).
4
Let n be (3 + -1)*(-14)/(-4). Let t(v) = -2*v + 9. Calculate t(n).
-5
Let d(f) = f + 3. Suppose -5*l + 3*j = -l - 21, 0 = -4*j - 12. Calculate d(l).
6
Let w(o) = 11*o**3 + 3*o**2 - 7*o + 7. Let h(b) = -4*b**3 - b**2 + 2*b - 2. Let c(s) = -7*h(s) - 2*w(s). Calculate c(1).
7
Let n(z) = 4*z - 3*z - 2 + 3 + 2*z. Determine n(1).
4
Let j(v) = v**3 - 5*v**2 - 2*v + 5. Suppose 17*s - s = 80. What is j(s)?
-5
Let q(o) = 2*o + 5. Suppose 5*p = 3*p - 12. Let u = -10 - p. Determine q(u).
-3
Suppose 0 = -2*s + 4*s. Suppose x + 2*x - 15 = s. Let a(o) = 2*o - 5. Give a(x).
5
Let k(d) = 2 + 2*d**2 + 4 - 12 + d - d**3 + 5. Give k(3).
-7
Let t(q) = -q - 3. Suppose 0 = 2*g + 2*g - 28. Suppose -l - 1 - g = 0. Let v be t(l). Let x(u) = u**2 - 4*u - 3. What is x(v)?
2
Let v(w) = 2*w**2 + 15*w**3 - 25*w**3 - 1 + 0. Determine v(1).
-9
Suppose -4*z = -0*z - 16. Let m be ((-4)/(-6))/(z/6). Let i(d) = 2*d**3 + d**2 + 0*d**2 - 7*d**3. Give i(m).
-4
Let g be -1*(-3)/(-1) + 244/80. Let k(c) be the second derivative of 1/6*c**4 + 0 - c**2 - g*c**5 + 1/6*c**3 - c. Calculate k(2).
0
Let r(l) = -l**3 - 9*l**2 + 5*l + 10. Let z(x) = x**2 - x - 1. Let y(w) = -r(w) - 6*z(w). What is y(-3)?
-7
Let z(c) = c**3 + 5*c + 1530*c**2 + 0*c - 1525*c**2 + 4. Let d be (-4 + 3)*0/2. Suppose d*r + r + 4 = 0. Calculate z(r).
0
Let k(p) be the third derivative of p**4/12 + p**3/6 + 2*p**2. Let f(g) be the first derivative of g**3 + g**2/2 + 2. Let t be f(-1). Calculate k(t).
5
Let h(i) = -i**3 + 4*i**2 - i - 2. Let r be h(4). Let z(o) = -4*o**2 - 10*o - 10. Let a(y) = -9*y**2 - 21*y - 21. Let v(x) = 3*a(x) - 7*z(x). Give v(r).
1
Let o(b) = -b**2 - b - 2. Suppose -1 + 29 = 4*u - 4*s, 15 = u - 5*s. Suppose 7 = u*t - 23. Suppose 4*q + 5*v = 15, q - 4*v + 2*v + t = 0. Determine o(q).
-2
Let w(x) = -x**3 + 2 - 1 + 4*x + 2*x**2 - 2*x. Suppose t - 3*c = 13, -c + 2*c = 3*t - 7. Let k = -2 + t. Give w(k).
2
Let b = -26 - -23. Let v(k) = k**3 + 3*k**2 - 2*k - 3. Give v(b).
3
Let h(g) = 5*g + 4. Let b be h(4). Suppose 6 = 3*p + b. Let z(j) = -j**2 - 7*j - 8. Determine z(p).
-2
Let m(i) = 11*i - 9. Let p(w) = 5*w - 4. Let b(v) = 2*m(v) - 5*p(v). Let x = 7 + -2. Let d be -2 - -5 - (0 + x). What is b(d)?
8
Suppose -33 - 9 = 7*u. Let m(i) = -i - 8. Calculate m(u).
-2
Let l(r) = -r - 10. Let b be l(-7). Let m(g) = -43*g + 43*g + g**2 - 4. What is m(b)?
5
Let i(n) = n**3 - 3*n**2 - 6*n + 2. Let b(s) = -s**3 - 5*s**2 + s + 3. Let m be b(-5). Let p be m*((-21)/6 - -2). Suppose -8*f = -p*f - 20. What is i(f)?
-6
Let s(h) = -h - 1. Suppose -i = -4*m + 12, -3*i + 1 = 5*m - 14. Determine s(m).
-4
Let d(x) = x**3 - 4*x**2 + 3 - 6 + 8*x - 4*x. Let k be (-200)/(-72) + 4/18. Give d(k).
0
Suppose 4*d + d = -25. Let m(v) be the first derivative of -v**4/24 - v**3/2 - 3*v**2/2 + 1. Let s(k) be the second derivative of m(k). Determine s(d).
2
Let h(y) = 2*y - 3. Let x(m) = -m + 1. Let s(q) = 6*h(q) + 13*x(q). What is s(0)?
-5
Let v(q) = 3*q - 5*q - 5*q**2 - 2*q - 4 + 2. What is v(-2)?
-14
Let b(q) = -q**2. Let r(y) = y**3 + 4*y**2 - 4*y + 3. Let o(f) = -f**2 + 2*f - 2. Let h be o(3). Let s be r(h). Give b(s).
-4
Let u(w) = -8*w**2 + 6*w**2 + w - 2*w**2 + 1. What is u(2)?
-13
Suppose -a + 6*a + 25 = 0. Let o(i) = 5*i - 3*i + 14 - 7. Give o(a).
-3
Let o(z) = -4*z - 18. Let r be o(-5). Let g(q) = q - 4. Determine g(r).
-2
Let u be 2 + (5 + 2/(-2))*1. Let x(c) = -2*c - 6. What is x(u)?
-18
Let y(d) be the third derivative of -d**5/60 - d**4/8 + 2*d**3/3 - 5*d**2. Determine y(-3).
4
Let d(t) = -2*t**2 + 4*t - 3. Suppose 3*x = 3*c - 18, -2*c + 8 = 4*x - 5*x. Suppose -2*u = c*u - 12. Suppose 12 = 3*p + u. Calculate d(p).
-9
Let c(r) be the first derivative of -r**3/3 - 2*r**2 + 2*r - 1. Suppose -21 = z - 4*n, -3*z + 2*n - 32 + 9 = 0. Calculate c(z).
-3
Let g(k) be the second derivative of k**5/20 - k**4/2 - 2*k**2 - k. Let l be 0 - (-2 + 2) - 6. Let w(h) = -3*h - 12. Let m be w(l). Determine g(m).
-4
Let y(x) = -x**2 + 9*x - 10. Suppose 0 = -5*g + w + 18 + 24, -36 = -4*g + 2*w. Give y(g).
-2
Let g(z) = -z**3 - 5*z**2 + 5*z + 7. Let a = -6 + 11. Suppose 0 = a*c - 2*k - 2 + 26, -3*k = -2*c - 3. Determine g(c).
13
Suppose 5*q - 29 + 9 = 0. Let z = q - 7. Let b(r) = -r**3 - 3*r**2 + 2*r - 1. Give b(z).
-7
Let s(m) be the third derivative of m**5/60 + m**3/3 - 6*m**2. Give s(2).
6
Let j = 0 + -1. Let f be 5 + j/(-1) - 2. Suppose -f*w + 2*w = 6. Let z(l) = l**2 + 5*l + 3. Calculate z(w).
-3
Suppose 5*g = 4*g - 3. Let i(x) = -3*x. Let c(m) = -7*m - 1. Let k(a) = 2*c(a) - 5*i(a). Calculate k(g).
-5
Let v(f) be the second derivative of -3*f + 0 - 1/12*f**4 + 3/2*f**2 - 2/3*f**3. Let i = 11 + -15. Calculate v(i).
3
Let m(f) = 6*f. Let i(n) = n**3 - 3*n**2 - 4*n. Let t be i(4). Suppose 1 = 3*s - h - t*h, 2*h = 4*s. Suppose -3*g + 4*g + s = 0. What is m(g)?
-6
Suppose 12 + 13 = 5*m. Let y(t) be the first derivative of t**2 - 6*t - 14. Calculate y(m).
4
Let t(s) = -4*s + 7. Let k(b) = -2*b + 4. Let p(c) = -5*k(c) + 3*t(c). Determine p(-4).
9
Suppose -3*n = 4*l + 32, -3*n + 1 = -l + 8. Let u(q) = 8 - 3*q + 0*q - 2 - q**2. Give u(l).
-4
Let a(p) = p**3 + 5*p**2 + 6*p + 3. Let g be (-30)/(-9)*12/(-8). Let i be 2/g + (-18)/5. Calculate a(i).
-5
Let f(t) = -t**2 - 2*t - 1. Let r be f(-1). Let v(q) = -5*q + 3. Let a(z) = z. Let b be -3*(4/(-4))/3. Let j(u) = b*v(u) + 6*a(u). What is j(r)?
3
Let p(c) be the first derivative of 2/3*c**3 + c**2 - 2*c + 1. Let f(m) be the first derivative of p(m). Give f(-2).
-6
Let r(g) = -5*g**2 + 10*g - 7. Let x(k) be the third derivative of k**5/60 - k**4/24 + k**3/6 - 2*k**2. Let h(v) = -r(v) - 6*x(v). Give h(-3).
4
Let j be (7/5 + -1)*-5. Let p be ((-2*4)/j)/(-1). Let y(a) = 4 - 1 - 2*a - 4 - a**2 + 0. Give y(p).
-9
Let p = -8 + 9. Let k(u) = 10*u**2 + 5*u. Let j(n) = -29*n**2 - 14*n. Let g(a) = -6*j(a) - 17*k(a). What is g(p)?
3
Let m(i) = -i**2 + 4*i + 1. Suppose -4 = -3*c + y - 2, -2*y = 2*c - 12. Determine m(c).
5
Suppose -2*t = -5*t + 3. Let s(r) = t - 8*r + r + r**2 + 4*r - 4. Calculate s(3).
-3
Let c be (-8)/(2/(-1)) - -3. Let q(n) = -n**3 + 7*n**2 + 2*n - 10. Calculate q(c).
4
Let u(d) = -3*d - 4 + d + 12. Suppose 0 = -3*j + 3*b - 15, 3*b = 4*j - 3 + 18. Let o be 7 + (-2 - (-1 + j)). What is u(o)?
-4
Let w(j) = -2*j**3 + 812*j - j**2 - 1 - 812*j. What is w(-2)?
11
Let y(f) be the third derivative of 7*f**4/12 + 13*f**2 - f. Determine y(1).
14
Let z(d) be the second derivative of d**6/120 + d**5/40 + d**4/12 - d**3/2 - 2*d. Let v(c) be the second derivative of z(c). Determine v(-2).
8
Suppose -4*b - 10 = -2*d - 0*d, -4*b - 20 = -4*d. Let q(g) = g**3 - 5*g**2 + 2*g + 2. Calculate q(d).
12
Let b be ((-2)/4)/(2/(-12)). Let y(v) = -3*v**3 + 3*v**2 - 3. Let g(q) = -16*q**3 + 15*q**2 - 16. Let z = -5 + 16. Let h(t) = z*y(t) - 2*g(t). Give h(b).
-1
Let c(u) = -3*u**3 + 5*u**2 + 2*u - 6. Let r(o) = 2*o**3 - 5*o**2 - 2*o + 5. Let q(d) = 3*c(d) + 4*r(d). Determine q(-4).
-6
Let s(y) = -y. Let l(b) be the first derivative of 5*b**2/2 + 4*b - 2. Let m(u) = -l(u) - 4*s(u). Let i(x) = 2*x + 9. Let j(h) = 6*i(h) + 13*m(h). What is j(1)?
1
Let a(b) = -23*b**3 + 22*b**3 - 2 + 5*b**2 - 2*b - b - 2*b. Suppose -n + 2*n = -2*v + 6, 22 = 4*v - 3*n. Calculate a(v).
-6
Let a = -17 - -32. Suppose a = 6*l - l. Let t(q) be the third derivative of -q**4/24 + q**3/6 - 2*q**2. What is t(l)?
-2
Let w(s) = -s**2 - 6*s + 8. Let j be (-215)/30 + 2/12. Let a = j + 0. What is w(a)?
1
Let q(m) be the third derivative of m**5/60 - 7*m**4/24 + 4*m**3/3 - 23*m**2. Determine q(7).
8
Let q(g) = g**3 + 3*g**2 - 1. Suppose l - 10 + 13 = 0. Calculate q(l).
-1
Let a(y) = -y + 1. Let w(n) = n - 1. Let t(s) = -5*a(s) - 6*w(s). Let x(u) = -u + 3. Let l be x(-4). Let z = 11 - l. Calculate t(z).
-3
Suppose 4*h - 17 = 3*b, 9*b = 5*h + 5*b - 21. Let o(t) = -t*